f**6/120 - f**5/12 + f**4/8 - 5*f**3/6 + 2*f**2. Let i be (-184)/(-40) - (-2)/5. What is the units digit of r(i)?
0
Suppose 0 = -4*c + 4*f + 260, -3*c = 2*f - 104 - 106. Let o = c + -33. Suppose o = x + 4*x. What is the units digit of x?
7
Let h(o) = o**3 + 4*o**2 - o + 3. Let r be (-3)/(-2)*32/6. Let x(z) = z**2 - 8*z - 4. Let n be x(r). What is the units digit of h(n)?
7
Let c = -13 - -7. Let g = -6 - c. Suppose -u + 3 + 3 = g. What is the units digit of u?
6
Suppose 0 = -k + 3*y + 2 + 1, -k + y = -9. Let z = -9 + k. Suppose g + z = 11. What is the units digit of g?
8
Let u(i) = -i**3 + 3*i**2 + 5*i - 4. Let t be u(4). Suppose t - 5 = -c. What is the units digit of c?
5
Let i = 86 + -45. Let z = i + -28. What is the tens digit of z?
1
Suppose -5*a - w + 801 - 165 = 0, 379 = 3*a - 2*w. What is the units digit of a?
7
Let r be -2 - -4 - (-1 - -1). Suppose 0 = -r*w - w + 54. Suppose b - w = -2*b. What is the units digit of b?
6
Let q(w) = 2*w - 7. Let v be q(11). Let c = 11 + v. What is the tens digit of c?
2
Let j(l) = 7*l**3 - l**2 - 1. Let z(u) = -u**2. Let s(x) = -j(x) + 2*z(x). Suppose 3*n - 21 = h - n, 5*n - 30 = 5*h. What is the units digit of s(h)?
7
Suppose 2*j - 92 = -2*j. What is the units digit of j?
3
What is the hundreds digit of (-4)/34 + (-449)/(-17)*10?
2
Let u = 11 + 1. Let v = 22 - 22. Suppose 4 = -2*a + 4*a, l + 3*a - u = v. What is the units digit of l?
6
Let v(p) = -p**3 - 3*p**2 - 3*p + 9. What is the units digit of v(-6)?
5
Suppose 5*a = -2*i - i - 7, 5*i = a - 21. What is the units digit of a?
1
Suppose 360 = 7*p - 2*p. What is the tens digit of p?
7
Suppose -5*w = -3*o + 23, w = -4*o - 2*w - 8. What is the units digit of o?
1
Suppose u - 6*u = -4*q + 104, -3*q + u + 78 = 0. What is the tens digit of q?
2
Let l(t) be the third derivative of t**6/120 + t**5/15 + t**4/12 + t**3/2 + 2*t**2. Suppose 0 = y - 2*y - 3. What is the units digit of l(y)?
6
Let p(d) = d**3 + 2*d**2 - 4*d + 1. Let j be p(-3). Suppose -5 = 2*t - 5*m + 3, -2*t - j*m = 8. What is the units digit of (-1)/2 - 6/t?
1
Let g(y) = -y**2 + 5*y + 8. Suppose 2*w - 5*w + 18 = 0. What is the units digit of g(w)?
2
Suppose 0 = -7*l + 2*l + 10. Let y be -3 + 1 + -2 + l. What is the tens digit of 2*y/4*-12?
1
Suppose 0*x - 18 = -3*x. Let g(d) = -d**2 + 9*d - 5. What is the tens digit of g(x)?
1
Let j(r) = r**3 + r**2 - 4. What is the tens digit of j(3)?
3
Let m = -17 + 18. What is the units digit of m + 9/((-18)/(-80))?
1
Let v be 3 + (8/4 - 4). Suppose -11 - 14 = 5*w. What is the units digit of v*20 + 2 + w?
7
Let q be 9/12*-4*2. Let i(t) = -t**2 - 7*t + 6. What is the tens digit of i(q)?
1
Let m = -2 + 7. Suppose 0 = -10*s + m*s + 25. Suppose s*w + 2*x - 31 = 2*w, 0 = -5*w - 4*x + 53. What is the units digit of w?
9
Suppose 9 = -5*h + 2*h, -5*o - 277 = 4*h. Let u = o + 26. What is the tens digit of (3/2)/(u/(-396))?
2
Let s = -2 - -4. Suppose -s*n + n + 15 = 0. Let q = n - 11. What is the units digit of q?
4
Suppose -4 - 10 = -f + 2*c, 2*f + 4*c = 12. What is the tens digit of 116/10 + (-6)/f?
1
Let c(n) = 15*n - 5. What is the tens digit of c(2)?
2
Suppose 2*j + 6 = -j. What is the units digit of -8*3/j + -3?
9
Let a = -6 + 11. Suppose 5*m - 2 + 19 = -k, -5 = a*m. Let s = k + 26. What is the tens digit of s?
1
Suppose -2*g + 1 = 3. Let v be 2/g + 2 + -3. What is the units digit of (17/(-2) - v)*-2?
1
Let y(f) = -7*f**3 - f**2 - 2*f - 1. Let j be y(-1). Let z(h) = 1 + h + 1 - 1. What is the units digit of z(j)?
8
Let v be (-6)/(-1) + (-4)/(-2). Let i be 22/v + 3/(-4). Suppose 0*h - i*h = -40. What is the units digit of h?
0
Let g be (5/(-4))/(3/(-12)). Suppose 4*d = d + g*n + 101, -3*n = 4*d - 154. What is the units digit of d?
7
Suppose -2*t = -4*c + 14, 3*t = -2*c - c - 3. Suppose 3*m + 8 = -m. What is the units digit of (-2)/t + m/(-6)?
1
Let i(l) = l - 18. Let v(a) = -1. Let z(f) = 6*i(f) - 102*v(f). Let u be z(5). Suppose 0*o + 4*o = u. What is the units digit of o?
6
Suppose 3*x + 4*d + 5 = -1, x + 10 = -4*d. Suppose -3*l + 23 - 7 = 5*a, -x*l = -4*a + 4. Suppose -3*h + 8 - a = 0. What is the units digit of h?
2
Let y = -15 - -11. What is the units digit of (-2)/y + (-1)/(-2)?
1
Let b = 25 - 9. Let f = 23 - b. What is the units digit of f?
7
Let h(x) = -x**2 - x + 10. Let z = -4 + 4. What is the units digit of h(z)?
0
Let l = 0 - -3. Let u = l + -1. Let p(i) = i**3 - 2*i + 1. What is the units digit of p(u)?
5
Let s(a) = 10*a - 1. Let b be (11/((-33)/18))/(-2). What is the tens digit of s(b)?
2
Let s(h) = -6*h - 2. Let m = -4 - -4. Let x = m + -2. What is the tens digit of s(x)?
1
What is the units digit of 723/3 + (0 - -4 - 4)?
1
Let d(v) = 2*v + 4. Suppose 4*i - 22 = -2*r, 19 = 3*i + 3*r - 5. What is the units digit of d(i)?
0
Let y = -50 - -79. Suppose -2*g = -9 - y. What is the tens digit of g?
1
Suppose 3*t - 12 = -5*y, 0 = -3*y - 3*t + 11 - 5. Suppose -3*s - y*b = -69, -2*b + 59 = 3*s - 5. What is the units digit of s?
8
Let a(c) = -13*c - 12. Let n be a(-5). Suppose 4*h + 9 = 2*i - i, -4*i = h - n. What is the units digit of i?
3
Let d(k) = k**2 + 11*k - 9. What is the tens digit of d(-13)?
1
Let u be -1*9*6/(-9). Suppose -4*f = -70 + u. What is the tens digit of f?
1
Let t = -15 - -15. Suppose -51 = -2*r - 3*z - 6, t = -2*z + 6. What is the units digit of r?
8
Suppose -2 = 4*l + 46. Suppose -3*z - 19 = -4*z. Let v = l + z. What is the units digit of v?
7
Let m = 1 - -1. Suppose 0*c = -c + m. Suppose -n - c = -10. What is the units digit of n?
8
Suppose -8 = -a + o, o + o + 2 = 0. Let m = 12 - a. What is the units digit of m?
5
Let o = -11 + 49. What is the units digit of o?
8
Suppose 13*j = 14*j - 72. What is the tens digit of j?
7
Let s = -93 + 133. What is the tens digit of s?
4
Let z = 34 - -1. Suppose -x = -3*n - 5, 0 = -4*x - 3*n + 35. Suppose x*c = 3*c + z. What is the units digit of c?
7
Suppose 58 = 5*v - r, -2*r - 20 = -v - v. Suppose -4*p = 4 + 16, -t + 2*p + v = 0. Suppose 0 = t*c - 4 - 0. What is the units digit of c?
2
Let w be 0 + -3 + (-3)/(-1). Suppose -a + 0*a + 6 = w. What is the units digit of a?
6
Suppose -5*l + 15 = -0*l. Suppose 0 = -3*k - l*b + 15, 2*k + 2*b - 6 = k. What is the units digit of (2 - -1)/(2/k)?
6
Let a(b) = b**3 + 5*b**2 + 4*b - 1. Let m be (-1 + 2 - -1) + 1. Suppose -m = 2*d + 3. What is the units digit of a(d)?
5
Let s be (-3 + (3 - 0))/3. Let k = 2 + s. What is the units digit of k?
2
Let p(j) = -j - 3. Let h = 29 + -9. Suppose h = 5*y + 45, -3*g + 8 = -4*y. What is the units digit of p(g)?
1
Let o(m) = -m**3 - 10*m**2 + 12*m + 13. Let q be (2 - (-2 - -5)) + -5. Let v be ((-2)/q)/(1/(-33)). What is the units digit of o(v)?
2
Suppose s - 2*t = t + 15, -4*t = 4*s + 4. What is the units digit of s?
3
Suppose 2*o + 34 = 5*v, -5*o + 4 + 16 = 5*v. What is the units digit of v?
6
Let q(c) = c**2 - 3*c - 6. Let z be q(5). What is the units digit of (1 + (-17)/(-2))*z?
8
Let g = 10 - 6. What is the tens digit of (-970)/(-35) + g/14?
2
Let o = -247 - -430. What is the units digit of o?
3
Let m(h) = 101*h - 4. What is the tens digit of m(1)?
9
What is the tens digit of (-166)/(-7) + (-4)/(-42)*3?
2
Suppose -6 = 5*c + 2*p + 6, 6 = -4*c + 2*p. Let m be -3*c/((-6)/(-3)). What is the units digit of 8/m - 4/6?
2
Suppose -228 = -4*m + 4*k, -3*k - 177 = -3*m - 2*k. What is the tens digit of m?
6
Let u = -31 - -36. Let c be (-4)/14 + 4/14. Suppose c = -u*a + 4*l + 85, 0 = -5*a + 5*l + 94 - 4. What is the units digit of a?
3
Let l = -19 + -37. What is the units digit of 6/(-4)*l/6?
4
Let u(w) = -2*w - 3. Let m be u(5). Let q = 20 + m. What is the units digit of q?
7
What is the units digit of 21 + 4 - (-6)/(-2)?
2
Let z be 2*3/8*4. Suppose z*c - 95 = -2*c. What is the tens digit of c?
1
Suppose 0*b = 3*b - 108. What is the tens digit of b?
3
Let u(b) = b**2 + 5*b - 4. Let f be u(-6). Suppose 0 = -7*w + f*w. Suppose 3*r = -w*r + 12. What is the units digit of r?
4
Let l be 1/(1 - 28/30). Let w be (-4)/(-12)*-1*l. Let i = 1 - w. What is the units digit of i?
6
Suppose -o - 2*o = -99. What is the tens digit of o?
3
Let b be 18*2/(-12)*-4. Suppose 4*l = 12 + b. Let x = l + -1. What is the units digit of x?
5
Let n be (3 + -1)/(8/8). Suppose -j = 1 - 2. What is the units digit of (n*2)/(1 + j)?
2
Suppose -22 = -3*i - 5*x + 24, -3